-4
What is 0 - ((8 - -21) + -45)?
16
(-4 - (-13 - -6)) + -4 - 8
-9
What is the value of (4 - -1) + (-22 - -20) - (0 - 5)?
8
-43 + -35 + 11 + 58
-9
(-3 - 5 - -1) + 8 + 6 + -22
-15
What is 5 + (-16 - -4) - (-6 - -7 - 18)?
10
Calculate (0 + 9 - 4) + (-4 - -1 - 1).
1
7 - (4 - (3 + (5 - 13 - -6)))
4
What is the value of (-8 - 0) + -1 - (-6 + 6)?
-9
Calculate -18 + (-16 - -25) - -18.
9
Calculate -17 + 32 + (-7 - -7).
15
What is the value of 0 + (-1 - -3) + -1 - (9 + 1)?
-9
(7 - -13) + 5 - (-5 + 20 - 8)
18
What is the value of 3 + -14 + 4 + 4 + 17 + -25?
-11
What is the value of -6 - (10 + (-7 - 19)) - (-1 + 8)?
3
What is (3 - -6) + -3 - (19 + -9) - 2?
-6
What is the value of 7 - (-7 - 0) - (0 - -2 - -3)?
9
Calculate 26 + -77 + 10 + 14.
-27
Evaluate (3 - (5 + 4)) + -1 + 37 + -43.
-13
What is 3 - (-1 - -21) - (-37 - (-1 + -27))?
-8
What is the value of 2 - ((4 - 8) + -4) - 20?
-10
Evaluate -6 + 4 + -10 + 0.
-12
What is the value of 53 + -46 - (4 + -2)?
5
Evaluate (-25 - -34) + (0 - 3) - 6.
0
What is 38 + -36 - (3 + -1) - -6?
6
-12 + (9 - -1) + 12 - (-4 - -1)
13
What is -368 + 341 + (2 - -11)?
-14
29 + -40 - -30 - (30 + 2)
-13
4 + (2 - (3 + -2 - (3 + -7)))
1
What is the value of -2 - 4 - (6 - -4)?
-16
Evaluate 0 + -3 - (79 + -90 - (-9 - -1)).
0
Calculate 1 + (2 - (4 + 3)) + 63 + -61.
-2
Calculate (7 - (-3 - ((-4 - 1) + -29))) + 2.
-22
What is the value of -8 - (17 + -13 + -14)?
2
8 + (2 - (12 + 2) - 5)
-9
Calculate -11 + 19 + -9 + 2 + -12.
-11
What is the value of 1 + 6 + -8 + 12 + 6 + 3?
20
What is the value of 0 + -4 + 8 - (-17 - (-3 - 11))?
7
What is -8 - (-5 + 1 + -14)?
10
Evaluate -11 + (-4 - -13 - (5 - 16)).
9
Calculate (18 - (10 - 0)) + (2 - (32 + -2)).
-20
What is -10 + (12 - (4 + 1)) + -5?
-8
What is the value of (-2 - -13) + -5 - (0 + 13)?
-7
What is (-1100 - -1100) + 3 + 0 + 0?
3
What is (11 - (-9 + 11)) + 4 + -36?
-23
Evaluate -16 + 11 - (2 + -5 - 3) - 2.
-1
What is (16 - -5) + -4 + (-45 - -31)?
3
Calculate -2 + -4 - (-19 + (4 - 7) + 2).
14
What is 4 + 45 + -44 + -39?
-34
Evaluate -14 + 2 - ((-16 - -11) + -1 + 1).
-7
-5 - 4 - (4 - 6)
-7
What is the value of -10 - (7 + -13) - (-14 - 10)?
20
What is 5 + -4 + -4 + 16?
13
Calculate (2 + 0 - -20) + -185 + 175.
12
Evaluate -1 + 15 + 0 + -26 - -33.
21
What is 551 - 574 - (2 - (-2 - -14))?
-13
Calculate (-1 - 2 - 2) + (13 - (-7 - -18)).
-3
What is -7 + 7 + -5 + -5 + 20?
10
-12 + 4 + -2 + -2 + (15 - 8)
-5
Evaluate 59 - (-40 + 85 + -17).
31
What is -16 + -7 + 10 + -16 + 21?
-8
34 + (-38 - 2) + -18 + -2
-26
Calculate (0 - 5) + (-43 - -43) - (3 - 17).
9
(0 - 12) + -153 + 160
-5
Evaluate -11 - -12 - (-1 + -2 + 11) - -7.
0
Evaluate -119 + 130 + 2 + 9 + -5.
17
What is 27 + (21 - 70) - -8?
-14
What is the value of 8 - (-16 + 9 - -6) - (-8 + 3)?
14
What is -4 - -14 - -7 - 2?
15
Calculate 8 + -3 + (17 - (4 + 9)).
9
Evaluate (2 - (-63 + 33)) + -10.
22
What is -7 - ((-15 - -4) + (7 - 8) + 4)?
1
Calculate 27 + -21 + (-3 - -2) + -11 + -2.
-8
What is -1 + -2 - (9 + (2 - 14) + 9)?
-9
26 - -2 - (98 + -80)
10
Calculate -39 - (-6 + -16) - 0.
-17
(18 - (-8 - -21)) + 3
8
12 - (1 + 7 + 6) - (-5 - -2)
1
Evaluate 0 + -1 + (-7 - -4) + 12 - -9.
17
Calculate 2 + -3 + (3 - 2 - (-1 + 1)).
0
-17 - -29 - (15 + 3)
-6
What is the value of -7 + -12 + 21 - 5?
-3
What is the value of -3 + 5 + -1 + -8 - -1?
-6
Calculate -26 - 1 - (44 + -71).
0
((-3 - -3) + 8 - 6) + -6 + -13
-17
-17 + 1 + 32 + (-99 - -59)
-24
Evaluate (147 - 123) + 2 + -9.
17
What is the value of 29 - (29 + (-46 - -22))?
24
Calculate -4 + 1 - -1 - (106 + -122).
14
1 - ((2 - -1) + (7 + -9 - 7))
7
12 + 10 + 9 + -32
-1
-5 + (34 - (31 + -15))
13
What is the value of 0 + -9 + 17 + -5 + 2?
5
Calculate -1 + 18 - (41 - 20).
-4
What is (-1 - 2) + (-14 - -11) - (-17 + 11)?
0
Calculate 16 - (29 + 18) - -7.
-24
Evaluate -7 - (4 - 5) - 2 - -3 - -17.
12
What is the value of (-15 + 10 - -3) + 0 + 4 - 2?
0
Evaluate (-19 - -15) + (-9 - (0 + 3 - 4)).
-12
Evaluate 13 - (3 - -8) - 9 - (2 + -2).
-7
5 - 4 - (14 - 25)
12
What is (2 - -6) + -21 - -14 - (2 - 22)?
21
Calculate -1 + 9 + 9 + -25 + -9 + 23.
6
What is the value of -6 - (4 - (-4 - -28))?
14
What is 8 + (-8 - -13 - 3 - -1 - -4)?
15
Calculate -2 + -19 + -4 + (19 - 20).
-26
What is the value of -10 + 8 - ((11 - 4) + -6 + -8)?
5
What is (-7 - -6 - (-4 + 12)) + 2?
-7
-33 - ((-21 - -18) + -5 + 13)
-38
What is (37 + -4 - 14) + -16?
3
What is the value of -7 - ((-19 - -9) + 14 - (3 + 0))?
-8
Calculate 6 + -20 + 5 + 1 + 7 + 1.
0
Evaluate -438 + 469 - (20 - -1).
10
What is 4 - ((-9 - -36) + -12) - -10?
-1
Calculate (-19 - (-9 - -28)) + 10 + 7 + 1.
-20
What is 1 + 15 - (-258 - -276)?
-2
Evaluate -3 - (-12 + (7 - 1 - 0) - -4).
-1
What is the value of (7 - (-4 + 8 + 2)) + 7 - 6?
2
What is the value of -10 + 45 + -11 - (2 + -3)?
25
What is the value of -7 + 10 - (-59 - -69)?
-7
What is the value of -9 + (-15 - -1) + 3 + (50 - 3)?
27
What is the value of 45 - 80 - (-18 - -15)?
-32
Calculate 11 - (-1 + 7 - -2) - -5 - -11.
19
Calculate (-1 - (12 + -22)) + -2 + 6.
13
What is the value of 6 + (-33 + 36 - (8 + -2))?
3
What is -6 - (-2 + -1 + 0)?
-3
14 + 3 + -24 + (53 - 11)
35
Calculate (1 - 4) + 5 + (9 - 14) + -9.
-12
What is the value of -8 + 3 + -3 + (-14 - -2) + 4?
-16
What is the value of -2 + (2 - -1) - (-19 - (-28 + 19))?
11
(8 + -6 + -2 - (2 + -8)) + -30
-24
Calculate 4 + -10 + 19 + -9 + -7.
-3
75 - 85 - (-3 + -11 + 1)
3
What is -1 - (38 - 19) - -34?
14
Evaluate 1 + (-2 - 13 - (2 + -11)).
-5
14 + 0 - (67 + (-139 - -66))
20
Evaluate 17 + -2 + 1 + -21 + (14 - 1).
8
What is 19 + ((9 - 15) + -7 - -22)?
28
Evaluate -13 + 10 - (-60 + 49).
8
What is the value of 4 - (14 - 31) - (-4 - -9)?
16
What is the value of (0 - 0 - -15) + (-23 - (-2 + -16))?
10
Calculate -6 + 3 + -23 + 34 - (-15 - 0).
23
(-3 - -2) + -2 + -10
-13
Evaluate -10 + -3 + -15 + 14 - -33.
19
What is the value of (-26 - 12) + (11 - -6 - 7)?
-28
What is (-1 - (-1 - (1 + 7))) + -9?
-1
Evaluate -14 + 1 + (-2301 - -2290).
-24
Evaluate (10 - (-86 - -86)) + -5 + 1 + 1.
7
What is the value of -2 + 2 + (-2 + (0 - -3) - 5)?
-4
What is -1 + (-10 - -3 - 4) + 11?
-1
What is the value of 2 + 0 + 9 + 2 - (-1 - -5)?
9
9 - (4 + -12 + 0 + 13)
4
What is the value of (-4 - (7 + -20)) + -15 + 0?
-6
2 + 2 + (14 - 2) + -15
1
What is 2 + 6 + 5 + 6 + -14?
5
What is the value of 5 - (-8 + (-3 - -12) + 6)?
-2
-7 + 0 - (13 - (-16 + (36 - 11)))
-11
What is the value of -6 + -23 + (15 - 5 - -7)?
-12
What is 6 + -12 + 12 + 11 + 7?
24
(-9 - 5) + (120 - 107)
-1
Calculate -3 - (0 + (-7 - 9 - -7)) - 10.
-4
What is the value of -4 + 22 + -23 + (2 - -15)?
12
What is -3 + (-3 + -4 - -5) - 5?
-10
Calculate 16 + -15 + 2 + 7.
10
Evaluate -4 - ((-37 - -33) + (4 + 13 - 2)).
-15
What is 2 + 9 + (45 - 37)?
19
Evaluate -19 - (-2 + -10 + -3 + 8).
-12
What is the value of -7 + 15 - (1 + (5 - (2 + 2)))?
6
Evaluate 1 + -7 + 12 + -22 + -1 + 2.
-15
Calculate (10 - (-1 + 0 - (-11 + 11))) + 8.
19
What is the value of -30 + 38 + -16 - (-8 + -1) - 17?
-16
Evaluate 1 - (7 + -7 - 6).
7
Calculate -3 - (-11 + -6 + 7 + 9).
-2
12 + 15 + -11 + -26 + 8
-2
Evaluate (-3 - -1 - -5) + (-10 - (2 + -2)).
-7
What is 8 - (8 - (-23 + 3)) - -6?
-14
Evaluate 1 - (-8 + 0) - (36 - 39).
12
Calculate 15 + -20 + (0 - 11) + (71 - 68).
-13
Calculate -13 + 5 - (6 + (-16 - -14)).
-12
What is 7 - -7 - (-19 - -25)?
8
Calculate 4 + (-8 - -12) + (2 - (19 + -7)).
-2
What is the value of 3 + 22 + (8 - 24)?
9
Calculate -2 + 12 - (-26 - (-54 - -31)).
13
Evaluate 9 + (-18 + 4 - -5) + -6.
-6
Calculate -14 - (6 + -5 - (7 - 1)).
-9
Evaluate -57 + 52 - (1 + (7 - 6)).
-7
Evaluate 7 - (2 - 9 - (-11 + 5)).
8
What is -3 + 14 + (-25 + 10 - -16)?
12
What is the value of 1 - (-16 + 2) - 12 - (17 - 0)?
-14
What is 9 + 0 - (519 + -498)?
-12
(29 + -60 - -39) + 0 + -12
-4
Evaluate -1 + 6 - (-51 + 46).
10
2 + -1 + (-1 - (3 - 5) - 4)
-2
Evaluate 0 + -17 - (-65 + 50).
-2
Evaluate (0 - -4 - 11) + 27 + 11 + -19.
12
0 - 14 - (-16 + 30 + -24)
-4
What is -2 - (0 - (14 + -17) - (-19 - -2))?
-22
Evaluate -3 + ((-7 - -1 - -4) + 3 - 4).
-6
Evaluate 37 - 9 - (-7 + 16 - -4).
15
Calculate -9 + (-11 - -13) - 5.
-12
Calculate (-25 - -21) + 14 - (1 - 4).
13
Calculate 7 + (-7 - (-8 + 6)).
2
What is the value of -36 + 9 - (-2 + -4 + 12)?
-33
Evaluate 10 + (-28 - -17) + -15 + 1 - -4.
-11
Evaluate 19 + -56 + 5